?
True
Is 12953 prime?
True
Is 948487 prime?
True
Is 1735091 prime?
False
Is 4421 a composite number?
False
Is 71087 a composite number?
True
Is 46829 a prime number?
True
Is 9111 a composite number?
True
Is 29789 a composite number?
False
Is 147623 prime?
False
Is 3155 a prime number?
False
Is 471433 composite?
True
Is 194131 prime?
False
Is 20707 prime?
True
Is 1217809 composite?
False
Is 2263 composite?
True
Is 11399 composite?
False
Is 745707 a composite number?
True
Is 29242 prime?
False
Is 5303 composite?
False
Is 100307 a composite number?
True
Is 23909 a composite number?
False
Is 107927 a prime number?
True
Is 161011 prime?
False
Is 735677 prime?
False
Is 12981 a composite number?
True
Is 17569 a prime number?
True
Is 12247 a prime number?
False
Is 2482903 composite?
False
Is 295861 a prime number?
True
Is 12047 a composite number?
True
Is 1515791 a prime number?
True
Is 21269 composite?
False
Is 386059 a composite number?
True
Is 885493 a composite number?
True
Is 3789145 prime?
False
Is 5923 prime?
True
Is 4846 composite?
True
Is 54203 a composite number?
True
Is 209767 prime?
True
Is 92135 prime?
False
Is 6887 a composite number?
True
Is 31013 a composite number?
False
Is 386447 composite?
True
Is 69 a composite number?
True
Is 38501 a prime number?
True
Is 191527 a composite number?
True
Is 839 a prime number?
True
Is 87517 prime?
True
Is 9491 a prime number?
True
Is 1346273 prime?
True
Is 454673 a prime number?
True
Is 147271 a composite number?
True
Is 334439 composite?
True
Is 70289 composite?
False
Is 18797 a prime number?
True
Is 362521 a composite number?
False
Is 46783 a prime number?
False
Is 57607 prime?
False
Is 779 a prime number?
False
Is 123787 a composite number?
False
Is 6891 a prime number?
False
Is 108821 prime?
True
Is 11386 a composite number?
True
Is 126839 composite?
False
Is 51353 composite?
True
Is 21295 a prime number?
False
Is 96377 composite?
False
Is 9239 a prime number?
True
Is 34399 composite?
True
Is 131959 a composite number?
False
Is 466787 a composite number?
False
Is 1389833 composite?
False
Is 12781 a composite number?
False
Is 70049 a composite number?
True
Is 28955 composite?
True
Is 125327 prime?
False
Is 323 a prime number?
False
Is 48643 a prime number?
False
Is 1226741 a prime number?
True
Is 22339 a composite number?
True
Is 104029 composite?
True
Is 1172527 a prime number?
False
Is 34855 prime?
False
Is 1411829 a prime number?
True
Is 72241 a composite number?
True
Is 234202 composite?
True
Is 1562833 a composite number?
False
Is 78877 prime?
True
Is 94477 a prime number?
True
Is 700501 a composite number?
True
Is 49571 prime?
False
Is 3649 prime?
False
Is 5225107 composite?
False
Is 1867 prime?
True
Is 466685 a composite number?
True
Is 1870019 a composite number?
False
Is 612445 a prime number?
False
Is 18097 a prime number?
True
Is 9587 composite?
False
Is 147309 composite?
True
Is 67741 a prime number?
True
Is 608941 composite?
False
Is 1009 prime?
True
Is 1259 a composite number?
False
Is 7639 a composite number?
False
Is 688079 a prime number?
False
Is 264473 composite?
True
Is 23143 prime?
True
Is 2232634 composite?
True
Is 72391 prime?
False
Is 3587 a composite number?
True
Is 16801 composite?
True
Is 8501 composite?
False
Is 334 a prime number?
False
Is 2942 a prime number?
False
Is 5320381 prime?
False
Is 75209 prime?
True
Is 122651 a composite number?
False
Is 9287 composite?
True
Is 8681 a composite number?
False
Is 4535 a prime number?
False
Is 153937 composite?
True
Is 61709 composite?
True
Is 1121 composite?
True
Is 235 composite?
True
Is 238237 composite?
False
Is 82867 a prime number?
False
Is 23123 a prime number?
False
Is 270301 prime?
False
Is 291233 a composite number?
True
Is 40723 composite?
True
Is 221987 a prime number?
True
Is 562181 a composite number?
False
Is 980845 a prime number?
False
Is 485 composite?
True
Is 3613 a prime number?
True
Is 84367 composite?
True
Is 2521 a composite number?
False
Is 5027 prime?
False
Is 70403 a prime number?
False
Is 91859 a composite number?
True
Is 369826 a composite number?
True
Is 1147 composite?
True
Is 5353 prime?
False
Is 293 composite?
False
Is 22978 prime?
False
Is 4197 composite?
True
Is 479 a composite number?
False
Is 2018 a prime number?
False
Is 54697 a prime number?
False
Is 2002349 prime?
True
Is 3127 composite?
True
Is 41321 a composite number?
True
Is 3371 prime?
True
Is 6911 a composite number?
False
Is 664341 composite?
True
Is 1382 a composite number?
True
Is 34807 prime?
True
Is 5297 prime?
True
Is 2493665 a composite number?
True
Is 3827 a composite number?
True
Is 3821 a prime number?
True
Is 186433 a prime number?
False
Is 3146327 a prime number?
True
Is 5357 prime?
False
Is 4817 a prime number?
True
Is 1301119 prime?
True
Is 138421 prime?
False
Is 31803 a composite number?
True
Is 127 a composite number?
False
Is 67979 prime?
True
Is 123049 a composite number?
False
Is 332081 a composite number?
False
Is 58549 prime?
True
Is 156811 a composite number?
True
Is 361561 prime?
True
Is 412483 a composite number?
True
Is 87991 composite?
False
Is 12497 prime?
True
Is 23857 a prime number?
True
Is 118831 a prime number?
True
Is 21137 prime?
False
Is 45593 a composite number?
True
Is 2633 a composite number?
False
Is 7499 composite?
False
Is 202171 composite?
True
Is 19165 a prime number?
False
Is 13793 prime?
False
Is 80477 composite?
True
Is 21269 a prime number?
True
Is 15055 a prime number?
False
Is 157349 a composite number?
False
Is 1867 prime?
True
Is 156487 a composite number?
False
Is 15031 a composite number?
False
Is 719623 a composite number?
True
Is 279511 a composite number?
False
Is 54753 composite?
True
Is 195815 composite?
True
Is 428057 a composite number?
True
Is 626461 a composite number?
True
Is 418429 prime?
False
Is 18391 a prime number?
False
Is 17237 a prime number?
False
Is 37817 composite?
True
Is 8483 a composite number?
True
Is 7039 composite?
False
Is 1574 a prime number?
False
Is 45519 composite?
True
Is 13369 a prime number?
False
Is 637753 composite?
True
Is 147569 composite?
True
Is 1471 composite?
False
Is 4573 composite?
True
Is 11273 prime?
True
Is 167929 a prime number?
False
Is 1283 prime?
True
Is 118679 a composite number?
True
Is 32707 prime?
True
Is 6467 composite?
True
Is 3898 a composite number?
True
Is 476534 composite?
True
Is 15901 prime?
True
Is 2479 prime?
False
Is 18661 a composite number?
False
Is 164551 prime?
False
Is 5147 prime?
True
Is 501439 prime?
False
Is 34123 composite?
False
Is 2459 prime?
True
Is 1420777 a composite number?
False
Is 590489 prime?
True
Is 382253 a prime number?
True
Is 36761 a composite number?
False
Is 123107 a prime number?
False
Is 113959 a composite number?
True
Is 6653 composite?
False
Is 197837 a prime number?
True
Is 118039 prime?
False
Is 9961 composite?
True
Is 912043 a prime number?
False
Is 24943 a prime number?
True
Is 3967 a composite number?
False
Is 125273 prime?
False
Is 113599 a composite number?
True
Is 10954 composite?
True
Is 106243 composite?
False
Is 95155 a composite number?
True
Is 1554491 a composite number?
True
Is 210398 prime?
False
Is 5123 a composite number?
True
Is 72563 composite?
True
Is 11093 composite?
False
Is 1459 prime?
True
Is 45641 a prime number?
True
Is 277753 a prime number?
False
Is 8563 a prime number?
True
Is 66979 composite?
True
Is 556077 prime?
False
Is 337495 a composite number?
True
Is 58391 composite?
False
Is 12659 prime?
True
Is 516466 a prime number?
False
Is 10397 a composite number?
True
Is 102701 a prime number?
True
Is 185435 prime?
False
Is 123767 composite?
True
Is 39821 a composite number?
False
Is 5323 a composite number?
False
Is 22637 composite?
False
Is 1949 composite?
False
Is 186427 prime?
False
Is 11599 prime?
False
Is 422 a composite number?
True
Is 25579 prime?
True
Is 12323 a prime number?
True
Is 1339333 composite?
False
Is 160201 a composite number?
False
Is 556649 a composite number?
True
Is 691149 prime?
False
Is 46061 composite?
False
Is 1999442 composite?
True
Is 8983 a prime number?
False
Is 83 a prime number?
True
Is 974 a prime number?
False
Is 127497 a composite number?
True
Is 16331 a composite number?
True
Is 35413 a prime number?
False
Is 18394